7
Let y(k) = -74*k - 7119. Determine y(-88).
-607
Let m(r) = 2*r**2 + 90*r + 867. Give m(-25).
-133
Let a(s) = s**2 + 84159*s + 336604. Determine a(-4).
-16
Let w(a) = 785*a + 29790. Determine w(-38).
-40
Let x(v) = -106058*v - 636336. Give x(-6).
12
Let i(r) = r**2 + 607871*r + 42546061. What is i(-70)?
-9
Let j(m) = -m**2 - 72*m - 775. Give j(-13).
-8
Let k(t) = -3*t**3 + 33*t**2 - 22*t - 23. Give k(10).
57
Let f(t) = 4*t**3 + 6*t**2 - 506*t + 34. What is f(10)?
-426
Let n(l) = 320*l**2 + 7982*l - 436. Calculate n(-25).
14
Let y(t) = t**3 - 113*t**2 - 799*t + 20226. Determine y(-16).
-14
Let v(z) = z**2 + 75*z - 1056. Determine v(-89).
190
Let c(q) = -150925*q - 452768. Give c(-3).
7
Let w(u) = -u**3 + 84*u**2 - 39*u + 3294. What is w(84)?
18
Let j(i) = -32337*i + 129310. Give j(4).
-38
Let f(p) = p**3 + 51*p**2 + 986*p + 4265. Give f(-6).
-31
Let l(n) = -7*n**3 - 802*n**2 + 4180*n + 32. What is l(5)?
7
Let s(v) = -4796*v - 465144. Give s(-97).
68
Let y(w) = -w**3 + 11*w**2 + 513*w - 4066. What is y(25)?
9
Let a(r) = -2*r**3 - 41*r**2 + 1394*r + 43. Calculate a(-38).
-2389
Let n(r) = 83*r - 2895. Calculate n(32).
-239
Let r(a) = -7*a**3 - 3213*a**2 - 3203*a + 916. Determine r(-458).
-458
Let y(j) = -7*j**3 + 353*j**2 - 2891*j - 1109. Calculate y(40).
51
Let p(r) = 2032*r - 22471. Determine p(11).
-119
Let c(b) = -841*b - 25266. Give c(-30).
-36
Let f(u) = 51737*u - 879564. Calculate f(17).
-35
Let h(t) = -3458*t - 48429. Give h(-14).
-17
Let q(n) = -15736*n + 78554. Give q(5).
-126
Let y(n) = -5732*n - 1335599. What is y(-233)?
-43
Let o(y) = -175*y**3 + 6655*y**2 - 188*y - 89. Calculate o(38).
-13
Let l(w) = -2*w**2 - 27819*w - 472334. Give l(-17).
11
Let s(r) = -140611*r + 3374716. Give s(24).
52
Let m(o) = -3*o**2 + 23*o + 3171. Calculate m(-30).
-219
Let k(t) = 1535*t + 5798. Calculate k(-4).
-342
Let u(r) = 5*r**3 + 70*r**2 + 176*r - 44. Determine u(-11).
-165
Let o(d) = -d**3 - 349*d**2 - 4362*d + 2013. Determine o(-336).
-3
Let d(h) = h**2 + 456*h + 50328. Give d(-272).
280
Let l(u) = -u**2 - 909*u - 130690. Determine l(-179).
-20
Let u(v) = -2675*v - 14659. What is u(-7)?
4066
Let x(j) = 207*j - 662. Give x(7).
787
Let c(r) = -r**3 - 54*r**2 - 780*r + 77. Determine c(-27).
1454
Let z(d) = 1742*d - 3379. Calculate z(2).
105
Let t(r) = -8*r**3 - 60*r**2 + 308*r + 1569. Give t(-5).
-471
Let j(n) = -826*n - 20793. Give j(-25).
-143
Let u(n) = -4*n**2 + 2746*n + 148646. What is u(737)?
-228
Let o(d) = 106*d**2 + 1014*d + 3061. What is o(-3)?
973
Let s(o) = -467*o - 1539. Determine s(-5).
796
Let y(a) = 23*a**3 - 8*a**2 - 18*a + 4. What is y(-1)?
-9
Let z(n) = n**3 + 23*n**2 - 758*n - 5129. Determine z(-6).
31
Let o(k) = 2287*k + 66264. Give o(-29).
-59
Let f(y) = 10*y**3 - 2*y**2 - 252*y - 252. Determine f(-1).
-12
Let q(z) = 21929*z - 7346225. What is q(335)?
-10
Let o(j) = j**3 - 82*j**2 - 54*j + 596. What is o(-3)?
-7
Let g(t) = 177*t**2 - 56808*t - 2908. What is g(321)?
-19
Let v(d) = 9*d**2 - 990*d + 26504. Give v(48).
-280
Let i(u) = -141*u**2 - 579*u - 43. Determine i(-4).
17
Let o(f) = 135*f - 1566. What is o(-7)?
-2511
Let n(q) = 4*q**2 + 291*q + 3250. Calculate n(-14).
-40
Let l(q) = 5080*q - 142246. Calculate l(28).
-6
Let v(u) = -50*u**2 - 876*u + 436. What is v(-18)?
4
Let k(v) = -4*v**3 - 510*v**2 + 28050*v - 672. Give k(-169).
4
Let l(q) = 50*q**2 - 2651*q + 15. What is l(53)?
-38
Let i(s) = -12350*s + 21130857. Determine i(1711).
7
Let g(a) = 214*a**2 + 1623*a - 663. What is g(-8)?
49
Let b(z) = 150*z - 4349. What is b(29)?
1
Let p(q) = -20*q**2 - 384*q - 254. What is p(-16)?
770
Let s(k) = -239263*k + 89484367. What is s(374)?
5
Let a(g) = -3*g**3 + 29*g**2 - 24*g + 150. Give a(11).
-598
Let g(z) = z**3 + 74*z**2 + 1059*z + 804. Calculate g(-55).
34
Let w(q) = -3*q**3 - 15*q**2 - 138*q - 779. Give w(-6).
157
Let i(m) = 81568*m - 652354. Give i(8).
190
Let o(j) = 43*j**2 + 2427*j - 376. What is o(-57)?
992
Let n(m) = 4*m + 624. Determine n(-9).
588
Let j(d) = -520*d**2 + 431077*d + 2404. Give j(829).
-83
Let h(q) = 133854*q + 2543252. Determine h(-19).
26
Let j(b) = 16618*b + 99728. Give j(-6).
20
Let m(j) = -j**3 - 433*j**2 + 622*j + 81587. What is m(-434)?
-5
Let u(w) = -3*w**2 - 828*w - 48309. Give u(-83).
-252
Let m(k) = -6188393*k - 6188388. What is m(-1)?
5
Let w(l) = -l**3 - 22*l**2 + 372*l + 417. Determine w(-33).
120
Let l(t) = -8*t**3 - 26*t**2 + 550*t + 2413. Determine l(-5).
13
Let a(y) = 24*y**2 - 4915*y - 10933. Determine a(207).
38
Let o(x) = 1294*x + 96996. What is o(-75)?
-54
Let i(f) = 266*f**2 + 810*f + 63. What is i(-3)?
27
Let x(k) = -299*k**2 - 147*k - 159. Calculate x(-1).
-311
Let v(s) = 19389*s + 44. Give v(0).
44
Let s(x) = 2899*x - 382676. Calculate s(132).
-8
Let r(l) = 6*l**2 + 1617*l + 6323. Determine r(-4).
-49
Let l(f) = 3720*f + 174893. Determine l(-47).
53
Let q(n) = 21142*n - 105726. Give q(5).
-16
Let m(g) = -297428*g - 2379372. Determine m(-8).
52
Let v(c) = -2*c**2 + 990*c + 2648. Determine v(498).
-340
Let j(w) = -353*w + 5547. Determine j(16).
-101
Let i(v) = -v**2 - 113*v - 383. What is i(-103)?
647
Let l(n) = n**2 + 291*n + 20592. Determine l(-121).
22
Let w(u) = 5*u**2 + 274*u - 1627. What is w(7)?
536
Let o(p) = -3*p**2 - 130*p - 411. What is o(-40)?
-11
Let k(a) = -75*a**3 + 93*a**2 + 195*a. Give k(-2).
582
Let d(b) = -321*b - 283. Calculate d(-1).
38
Let x(q) = -198*q - 55827. Determine x(-282).
9
Let x(v) = -v**2 - 1707*v + 22356. What is x(13)?
-4
Let l(t) = t**3 + 552*t**2 + 541*t - 5493. What is l(-551)?
17
Let f(c) = -c**3 + 38*c**2 - 96*c + 615. What is f(35)?
930
Let w(x) = 48*x**2 + 11541*x + 16493. Give w(-239).
2
Let h(f) = f**2 - 34516*f + 379602. What is h(11)?
47
Let y(x) = 447*x - 17489. Calculate y(39).
-56
Let v(c) = -6*c**3 - 558*c**2 - 9371*c + 97. Give v(-71).
26
Let w(m) = m**3 - 20*m**2 - 609*m + 463. Calculate w(-17).
123
Let v(r) = r**3 - 190*r**2 - 984*r + 1636. Determine v(195).
-119
Let o(h) = -630*h - 19018. Determine o(-30).
-118
Let t(g) = 294*g**2 - 108427*g - 21768. Give t(369).
3
Let b(f) = f**3 + 744*f**2 + 525*f - 161945. Give b(-743).
29
Let b(r) = -192*r**2 - 89294*r - 6506. Calculate b(-465).
4
Let z(k) = 10*k**3 + 29*k**2 - 55*k - 144. What is z(-3)?
12
Let w(f) = f**2 - 709*f + 125557. Give w(365).
-3
Let b(s) = -2*s**3 + 29*s**2 - 41408*s + 165299. Calculate b(4).
3
Let t(p) = -4727*p - 106474. Determine t(-22).
-2480
Let q(b) = b**2 + 45646*b + 319473. What is q(-7)?
0
Let c(n) = 12*n**3 + 9*n**2 - 19*n - 54. Determine c(-3).
-240
Let k(b) = -46*b + 5989. What is k(131)?
-37
Let h(y) = -3*y**2 + 157*y + 2345. Calculate h(-11).
255
Let n(w) = 2*w**3 + 14*w**2 - 107*w - 338. Calculate n(-9).
301
Let p(w) = -11205*w + 168422. What is p(15)?
347
Let i(g) = -2*g**3 - 20*g**2 + 3167*g + 25345. Give i(-8).
-247
Let g(d) = -2*d**3 + 5*d**2 - 2889*d + 2882. Give g(1).
-4
Let b(g) = -399*g - 30342. What is b(-76)?
-18
Let a(v) = 563*v + 4465. Give a(-8).
-39
Let j(i) = 16186*i - 242794. Calculate j(15).
-4
Let h(z) = 226*z + 135827. Determine h(-601).
1
Let s(k) = -k**3 + 20*k**2 + 105*k + 15. Give s(-7).
603
Let z(u) = 7*u - 724. Determine z(121).
123
Let x(w) = 51*w - 2583. Determine x(4).
-2379
Let z(a) = -6595*a + 65961. Calculate z(10).
11
Let j(f) = 11*f**2 + 29*f - 147. Give j(5).
273
Let u(p) = 11*p**2 + 15375*p + 152641. Give u(-10).
-9
Let w(o) = 150867*o - 754276. Calculate w(5).
59
Let h(k) = -k**3 + 9*k**2 - 1528*k + 7. Determine h(0).
7
Let p(h) = -40*h**2 + 1326*h - 10741. Give p(19).
13
Let m(u) = -u**3 + 26*u**2 - 199*u + 6201. Calculate m(27).
99
Let o(b) = -13*b**2 + 2695*b + 7731. Determine o(210).
381
Let v(j) = j**3 + 954*j**2 + 195132*j + 2036. What is v(-657)?
65
Let z(s) = -6*s**2 + 2550*s + 34169. Determine z(438).
5
Let j(v) = v**3 + 51*v**2 + 600*v - 3. Determine j(-33).
-201
Let l(n) = -4*n**3 - 75*n**2 - 118*n + 1470. What is l(-7)?
-7
Let x(c) = 1197*c - 900. Calculate x(1).
297
Let z(c) = 6*c**2 - 1675*c - 24577. Give z(-14).
49
Let v(z) = 9*z**2 - 5267*z + 21049. Determine v(4).
125
Let u(f) = -833*f - 59844. Give u(-72).
132
Let u(d) = 7*d**2 - 22*d - 162. Determine u(13).
735
Let h(f) = -655*f - 22974. Determine h(-35).
-49
Let n(i) = -3*i**2 + 590*i + 6791. Give n(-11).
-62
Let r(q) = -q**3 + 52*q**2 - 642*